{"id":21,"date":"2020-01-24T10:30:16","date_gmt":"2020-01-24T10:30:16","guid":{"rendered":"http:\/\/visitsouthcoastfinland.fi\/?page_id=21"},"modified":"2025-04-30T07:20:05","modified_gmt":"2025-04-30T07:20:05","slug":"kotimaanmatkailu-kannattaa","status":"publish","type":"page","link":"https:\/\/visitsouthcoastfinland.fi\/?page_id=21","title":{"rendered":"Kotimaanmatkailu kannattaa"},"content":{"rendered":"\n<p>Viime aikoina kotimaanmatkailusta on tullut entist\u00e4 suositumpaa. En\u00e4\u00e4 ei ole aivan pakko l\u00e4hte\u00e4 Kanarian saarille, vaikka lent\u00e4minen on nyky\u00e4\u00e4n hyvinkin halpaa. Yksi syy t\u00e4h\u00e4n voi olla suomalaisten <a href=\"https:\/\/www.marmai.fi\/uutiset\/yli-puolet-suomalaisista-on-erittain-huolissaan-ilmastonmuutoksesta-ja-huoli-vaikuttaa-myos-kulutuskayttaytymiseen\/96b5389c-d3a8-381c-ae08-36e52236142e\">huoli ilmastonmuutoksesta<\/a>. Yli puolet meist\u00e4 on tehnyt jonkinlaisia muutoksia kuluttamisessaan ymp\u00e4rist\u00f6syist\u00e4. Jopa 78% kokee, ett\u00e4 on t\u00e4rke\u00e4t\u00e4 noudattaa kest\u00e4vi\u00e4 el\u00e4m\u00e4ntapoja. T\u00e4m\u00e4 ajattelutapa on kohdistunut eniten asumiseen, liikkumiseen ja ruokailuun. N\u00e4ill\u00e4 valinnoilla halutaan vaikutusta ilmastomuutoksen hillint\u00e4\u00e4n. <\/p>\n\n\n\n<p>Vaikka luullaankin ett\u00e4 suurin osa matkailutoimialan tuloista tulee ulkomaalaisilta turistilta, on heid\u00e4n osuutensa vain 30%. Suomalaisten osuus kotimaanmatkailussa on merkitt\u00e4v\u00e4 ja jakaa kysynn\u00e4n tasaisesti ymp\u00e4ri vuoden. T\u00e4ll\u00e4 hetkell\u00e4 y\u00f6vymme yht\u00e4 monta y\u00f6t\u00e4 maksullisessa majoituksessa kotimassa kuin ulkomailla. Ulkomaan osuus on kuitenkin pieness\u00e4 kasvussa, kun kotimaan y\u00f6pymiset on pysynyt samana. Kotimaanmatkailu tuo turismialalle kaivattua tasaisuutta ja ymp\u00e4rivuotisuutta samalla kun ulkomaalaisten turistien liikehdint\u00e4\u00e4n voi vaikuttaa moni asia. Esim. finanssikriisit vaikuttavat usein siihen onko ihmisill\u00e4 varaa matkustaa Suomeen. Lis\u00e4tietoa l\u00f6yd\u00e4t osoitteesta: <a href=\"https:\/\/tem.fi\/kotimaanmatkailu\">https:\/\/tem.fi\/kotimaanmatkailu<\/a><\/p>\n\n\n\n<h2 class=\"wp-block-heading\">Kotimaanmatkailun\nkehitt\u00e4mistarpeet<\/h2>\n\n\n\n<p>Kev\u00e4\u00e4ll\u00e4 2019 Ty\u00f6-\nja elokeinoministeri\u00f6 teetti selvityksen, jossa haluttiin saada selville\nmink\u00e4laisia kehitt\u00e4mistarpeita kotimaanmatkailussa voi olla. Raportissa saatiin\nselville ett\u00e4 kasvupotentiaalia l\u00f6ytyy jos keskityt\u00e4\u00e4n tiiviimp\u00e4\u00e4n\nyhteisty\u00f6h\u00f6n, valtakunnalliseen koordinaatioon ja kotimaanmatkailun br\u00e4ndin\nvahvistamiseen. Selvityksess\u00e4 katsottiin miten kotimaanmatkailua voidaan kehitt\u00e4\u00e4,\nmit\u00e4 toimenpiteit\u00e4 t\u00e4m\u00e4 vaatii, kuka on vastuussa ja miten resurssit jaetaan. Raporttia\nvarten tehtiin kysely johon osallistui matkailuyritt\u00e4j\u00e4t, alan asiantuntijat ja\nmukaan otettiin my\u00f6s matkailutilastoja. Lis\u00e4tietoja l\u00f6ytyy osoitteesta: <a href=\"http:\/\/urn.fi\/URN:ISBN:978-952-327-430-3\">http:\/\/urn.fi\/URN:ISBN:978-952-327-430-3<\/a><\/p>\n\n\n\n<h2 class=\"wp-block-heading\">Hyv\u00e4 syy\nmatkailla Suomessa<\/h2>\n\n\n\n<p>Ty\u00f6- ja\nelinkeinoministeri\u00f6 on my\u00f6s ollut mukana tukemassa projekteja jossa tuetaan\nkotimaanmatkailua. N\u00e4ist\u00e4 suurin on ehk\u00e4 100 syyt\u00e4 matkailla Suomessa -kampanja,\njoka oli k\u00e4ynniss\u00e4 2018-2019. T\u00e4m\u00e4 oli jo kolmas kerta kun hanke toteutettiin ja\nt\u00e4ll\u00e4 haluttiin taas innostaa ihmisi\u00e4 matkailemaan kotimaassaan. Vuoden 2019\nprojektilla oli tavoitteena sivustolla n\u00e4kyvien kohdekorttien miljoonan\navauskerran saavuttaminen. Samalla haluttiin my\u00f6s pident\u00e4\u00e4 kampanja-aikaa\nsyksyn puolelle. 100 syyt\u00e4 matkailla Suomessa -sivusto l\u00f6ytyy t\u00e4st\u00e4: <a href=\"https:\/\/100syyt\u00e4.fi\/\">https:\/\/100syyt\u00e4.fi\/<\/a><\/p>\n\n\n\n<p>Vaikka kotimaanmatkailu onkin usein edullisempaa kuin ulkomaanmatkailu, voi matkakassa joskus tarvita pient\u00e4 lis\u00e4yst\u00e4 ennen matkaa. Jotta l\u00f6yt\u00e4isit edullisimman lainan, kannattaa hakemus l\u00e4hett\u00e4\u00e4 lainanv\u00e4litt\u00e4j\u00e4lle. <a href=\"https:\/\/kilpailutalainasi.fi\/\">Kilpailutalainasi.fi<\/a> on yksi palvelu joka voi auttaa sinua t\u00e4ss\u00e4 asiassa. L\u00e4het\u00e4 yksi hakemus niin saat yli 20 eri lainatarjousta!<\/p>\n","protected":false},"excerpt":{"rendered":"<p>Viime aikoina kotimaanmatkailusta on tullut entist\u00e4 suositumpaa. En\u00e4\u00e4 ei ole aivan pakko l\u00e4hte\u00e4 Kanarian saarille, vaikka lent\u00e4minen on nyky\u00e4\u00e4n hyvinkin halpaa. Yksi syy t\u00e4h\u00e4n voi olla suomalaisten huoli ilmastonmuutoksesta. Yli puolet meist\u00e4 on tehnyt jonkinlaisia muutoksia kuluttamisessaan ymp\u00e4rist\u00f6syist\u00e4. Jopa 78% kokee, ett\u00e4 on t\u00e4rke\u00e4t\u00e4 noudattaa kest\u00e4vi\u00e4 el\u00e4m\u00e4ntapoja. T\u00e4m\u00e4 ajattelutapa on kohdistunut eniten asumiseen, liikkumiseen ja [&hellip;]<\/p>\n","protected":false},"author":1,"featured_media":0,"parent":0,"menu_order":0,"comment_status":"closed","ping_status":"closed","template":"","meta":{"footnotes":""},"class_list":["post-21","page","type-page","status-publish","hentry"],"jetpack_sharing_enabled":true,"_links":{"self":[{"href":"https:\/\/visitsouthcoastfinland.fi\/index.php?rest_route=\/wp\/v2\/pages\/21","targetHints":{"allow":["GET"]}}],"collection":[{"href":"https:\/\/visitsouthcoastfinland.fi\/index.php?rest_route=\/wp\/v2\/pages"}],"about":[{"href":"https:\/\/visitsouthcoastfinland.fi\/index.php?rest_route=\/wp\/v2\/types\/page"}],"author":[{"embeddable":true,"href":"https:\/\/visitsouthcoastfinland.fi\/index.php?rest_route=\/wp\/v2\/users\/1"}],"replies":[{"embeddable":true,"href":"https:\/\/visitsouthcoastfinland.fi\/index.php?rest_route=%2Fwp%2Fv2%2Fcomments&post=21"}],"version-history":[{"count":2,"href":"https:\/\/visitsouthcoastfinland.fi\/index.php?rest_route=\/wp\/v2\/pages\/21\/revisions"}],"predecessor-version":[{"id":31,"href":"https:\/\/visitsouthcoastfinland.fi\/index.php?rest_route=\/wp\/v2\/pages\/21\/revisions\/31"}],"wp:attachment":[{"href":"https:\/\/visitsouthcoastfinland.fi\/index.php?rest_route=%2Fwp%2Fv2%2Fmedia&parent=21"}],"curies":[{"name":"wp","href":"https:\/\/api.w.org\/{rel}","templated":true}]}}